f 4872?
2, 3, 7, 29
List the prime factors of 281.
281
List the prime factors of 1143.
3, 127
What are the prime factors of 9576?
2, 3, 7, 19
List the prime factors of 6548.
2, 1637
List the prime factors of 288.
2, 3
What are the prime factors of 5442?
2, 3, 907
List the prime factors of 25201.
11, 29, 79
What are the prime factors of 26535?
3, 5, 29, 61
List the prime factors of 8058.
2, 3, 17, 79
List the prime factors of 163041.
3, 54347
List the prime factors of 5304.
2, 3, 13, 17
What are the prime factors of 7920?
2, 3, 5, 11
What are the prime factors of 4795?
5, 7, 137
What are the prime factors of 32530?
2, 5, 3253
List the prime factors of 4072.
2, 509
What are the prime factors of 952?
2, 7, 17
List the prime factors of 2101.
11, 191
What are the prime factors of 3879?
3, 431
What are the prime factors of 7358?
2, 13, 283
What are the prime factors of 130?
2, 5, 13
List the prime factors of 1268.
2, 317
List the prime factors of 2783.
11, 23
List the prime factors of 1966.
2, 983
What are the prime factors of 51373?
7, 41, 179
List the prime factors of 45432.
2, 3, 631
List the prime factors of 63741.
3, 21247
List the prime factors of 2224.
2, 139
List the prime factors of 7909.
11, 719
What are the prime factors of 186?
2, 3, 31
What are the prime factors of 11621?
11621
What are the prime factors of 1179?
3, 131
List the prime factors of 6529.
6529
What are the prime factors of 20346?
2, 3, 3391
What are the prime factors of 79678?
2, 39839
List the prime factors of 1722.
2, 3, 7, 41
List the prime factors of 8683.
19, 457
List the prime factors of 22668.
2, 3, 1889
List the prime factors of 8328.
2, 3, 347
What are the prime factors of 6146?
2, 7, 439
What are the prime factors of 1490?
2, 5, 149
What are the prime factors of 3817?
11, 347
What are the prime factors of 1797?
3, 599
What are the prime factors of 36694?
2, 7, 2621
List the prime factors of 4968.
2, 3, 23
List the prime factors of 390.
2, 3, 5, 13
What are the prime factors of 16454?
2, 19, 433
List the prime factors of 30812.
2, 7703
What are the prime factors of 4006?
2, 2003
List the prime factors of 66839.
89, 751
List the prime factors of 159666.
2, 3, 13, 23, 89
What are the prime factors of 16592?
2, 17, 61
List the prime factors of 82013.
82013
What are the prime factors of 1148?
2, 7, 41
List the prime factors of 2628.
2, 3, 73
List the prime factors of 274.
2, 137
List the prime factors of 52614.
2, 3, 37, 79
What are the prime factors of 26018?
2, 13009
List the prime factors of 6154.
2, 17, 181
What are the prime factors of 45176?
2, 5647
List the prime factors of 36704.
2, 31, 37
What are the prime factors of 7100?
2, 5, 71
What are the prime factors of 25595?
5, 5119
What are the prime factors of 8433?
3, 937
List the prime factors of 2047.
23, 89
What are the prime factors of 849?
3, 283
What are the prime factors of 4446?
2, 3, 13, 19
List the prime factors of 59757.
3, 19919
List the prime factors of 725.
5, 29
What are the prime factors of 37706?
2, 17, 1109
List the prime factors of 3342.
2, 3, 557
What are the prime factors of 1631?
7, 233
What are the prime factors of 5957?
7, 23, 37
What are the prime factors of 1373?
1373
List the prime factors of 1111.
11, 101
List the prime factors of 15821.
13, 1217
What are the prime factors of 65?
5, 13
List the prime factors of 531.
3, 59
List the prime factors of 8266.
2, 4133
What are the prime factors of 8555?
5, 29, 59
List the prime factors of 53933.
11, 4903
What are the prime factors of 26616?
2, 3, 1109
What are the prime factors of 28110?
2, 3, 5, 937
What are the prime factors of 17263?
61, 283
What are the prime factors of 786?
2, 3, 131
What are the prime factors of 1626?
2, 3, 271
List the prime factors of 15116.
2, 3779
List the prime factors of 82021.
82021
What are the prime factors of 4026?
2, 3, 11, 61
List the prime factors of 905.
5, 181
What are the prime factors of 363?
3, 11
List the prime factors of 19922.
2, 7, 1423
What are the prime factors of 138420?
2, 3, 5, 769
List the prime factors of 36765.
3, 5, 19, 43
What are the prime factors of 26185?
5, 5237
What are the prime factors of 890?
2, 5, 89
What are the prime factors of 11439?
3, 31, 41
What are the prime factors of 15499?
11, 1409
What are the prime factors of 19846?
2, 9923
List the prime factors of 31373.
137, 229
What are the prime factors of 103879?
73, 1423
What are the prime factors of 12301?
12301
What are the prime factors of 26100?
2, 3, 5, 29
What are the prime factors of 1228?
2, 307
List the prime factors of 2655.
3, 5, 59
List the prime factors of 34649.
34649
What are the prime factors of 18542?
2, 73, 127
What are the prime factors of 1697?
1697
What are the prime factors of 201469?
31, 67, 97
List the prime factors of 34600.
2, 5, 173
List the prime factors of 1772.
2, 443
What are the prime factors of 2099?
2099
List the prime factors of 476.
2, 7, 17
List the prime factors of 2641.
19, 139
List the prime factors of 26195.
5, 13, 31
What are the prime factors of 82326?
2, 3, 13721
What are the prime factors of 23879?
23879
What are the prime factors of 895?
5, 179
List the prime factors of 499.
499
What are the prime factors of 1531?
1531
What are the prime factors of 1964?
2, 491
What are the prime factors of 1888?
2, 59
What are the prime factors of 671?
11, 61
List the prime factors of 4830.
2, 3, 5, 7, 23
What are the prime factors of 204?
2, 3, 17
List the prime factors of 368.
2, 23
List the prime factors of 26166.
2, 3, 7, 89
List the prime factors of 130737.
3, 43579
List the prime factors of 565.
5, 113
List the prime factors of 1400.
2, 5, 7
List the prime factors of 967.
967
What are the prime factors of 3294?
2, 3, 61
List the prime factors of 89187.
3, 7, 31, 137
What are the prime factors of 2156?
2, 7, 11
What are the prime factors of 62585?
5, 12517
List the prime factors of 114917.
11, 31, 337
What are the prime factors of 1293?
3, 431
What are the prime factors of 1473?
3, 491
What are the prime factors of 6601?
7, 23, 41
What are the prime factors of 983?
983
List the prime factors of 13523.
13523
List the prime factors of 5497.
23, 239
What are the prime factors of 867?
3, 17
What are the prime factors of 861?
3, 7, 41
List the prime factors of 286.
2, 11, 13
List the prime factors of 104.
2, 13
List the prime factors of 14033.
14033
What are the prime factors of 1190?
2, 5, 7, 17
What are the prime factors of 283?
283
List the prime factors of 79855.
5, 15971
List the prime factors of 13359.
3, 61, 73
What are the prime factors of 621?
3, 23
What are the prime factors of 394?
2, 197
List the prime factors of 5274.
2, 3, 293
List the prime factors of 822.
2, 3, 137
List the prime factors of 20883.
3, 6961
List the prime factors of 624.
2, 3, 13
List the prime factors of 32418.
2, 3, 1801
List the prime factors of 969.
3, 17, 19
List the prime factors of 1882.
2, 941
List the prime factors of 2533.
17, 149
List the prime factors of 3564.
2, 3, 11
What are the prime factors of 1432?
2, 179
What are the prime factors of 18385?
5, 3677
List the prime factors of 644.
2, 7, 23
What are the prime factors of 17527?
17, 1031
List the prime factors of 676.
2, 13
What are the prime factors of 139198?
2, 79, 881
What are the prime factors of 23176?
2, 2897
What are the prime factors of 71866?
2, 35933
What are the prime factors of 410?
2, 5, 41
List the prime factors of 4886.
2, 7, 349
List the prime factors of 21057.
3, 7019
What are the prime factors of 18814?
2, 23, 409
What are the prime factors of 30495?
3, 5, 19, 107
List the prime factors of 386.
2, 193
List the prime factors of 60874.
2, 11, 2767
List the prime factors of 86008.
2, 13, 827
List the prime factors of 18110.
2, 5, 1811
What are the prime factors of 6149?
11, 13, 43
What are the prime factors of 4406?
2, 2203
List the prime factors of 23740.
2, 5, 1187
List the prime factors of 2676.
2, 3, 223
List the prime factors of 1309.
7, 11, 17
List the prime factors of 63281.
63281
What are the prime factors of 15829?
11, 1439
List the prime factors of 835.
5, 167
What are the prime factors of 43552?
2, 1361
What are the prime factors of 59269?
7, 8467
What are the prime factors of 4273?
4273
List the prime factors of 24418.
2,